{"id":10812,"date":"2025-05-21T16:18:14","date_gmt":"2025-05-21T14:18:14","guid":{"rendered":"https:\/\/latramun.cat\/historia-de-latramun"},"modified":"2025-06-02T14:52:13","modified_gmt":"2025-06-02T12:52:13","slug":"historia-de-latramun","status":"publish","type":"page","link":"https:\/\/latramun.cat\/es\/historia-de-latramun","title":{"rendered":"Hist\u00f2ria de LaTramun"},"content":{"rendered":"\n  <div class=\"banner has-hover\" id=\"banner-866970260\">\n          <div class=\"banner-inner fill\">\n        <div class=\"banner-bg fill\" >\n            <img loading=\"lazy\" decoding=\"async\" width=\"1620\" height=\"1080\" src=\"https:\/\/latramun.cat\/wp-content\/uploads\/2025\/05\/LaTramun2024-874.webp\" class=\"bg attachment-original size-original\" alt=\"\" \/>                        <div class=\"overlay\"><\/div>            \n                    <\/div>\n\t\t\n        <div class=\"banner-layers container\">\n            <div class=\"fill banner-link\"><\/div>            \n   <div id=\"text-box-173301271\" class=\"text-box banner-layer x50 md-x50 lg-x50 y50 md-y50 lg-y50 res-text\">\n                                <div class=\"text-box-content text dark\">\n              \n              <div class=\"text-inner text-center\">\n                  \n<h2 class=\"av-special-heading-tag \"><span style=\"font-size: 160%;\">La Tramun<\/span><\/h2>\n<div class=\"av-subheading av-subheading_below\">\n<h3>las personas, el territorio y las opiniones<\/h3>\n<p><!-- EN: the people, the land, and the stories --><\/p>\n<\/div>\n              <\/div>\n           <\/div>\n                            \n<style>\n#text-box-173301271 {\n  width: 60%;\n}\n#text-box-173301271 .text-box-content {\n  font-size: 100%;\n}\n<\/style>\n    <\/div>\n \n        <\/div>\n      <\/div>\n\n            \n<style>\n#banner-866970260 {\n  padding-top: 743px;\n}\n#banner-866970260 .overlay {\n  background-color: rgba(0, 0, 0, 0.488);\n}\n#banner-866970260 .banner-bg img {\n  object-position: 45% 51%;\n}\n<\/style>\n  <\/div>\n\n\n\t<div id=\"gap-1049874746\" class=\"gap-element clearfix\" style=\"display:block; height:auto;\">\n\t\t\n<style>\n#gap-1049874746 {\n  padding-top: 30px;\n}\n<\/style>\n\t<\/div>\n\t\n<div class=\"row\"  id=\"row-125894748\">\n\n\t<div id=\"col-656336099\" class=\"col small-12 large-12\"  >\n\t\t\t\t<div class=\"col-inner\"  >\n\t\t\t\n\t\t\t\n\t<div id=\"text-2539991170\" class=\"text\">\n\t\t\n<p>La Tramun no es solo una carrera de bicicleta de monta\u00f1a. Para todos los que participan, se ha convertido en un reto personal. Sus senderos, su dureza, su belleza&#8230; la han hecho \u00fanica. La Tramun ha crecido. El n\u00famero y nivel de los participantes ha aumentado a\u00f1o tras a\u00f1o. Esto ha sido gracias a un gran n\u00famero de colaboradores y al cuidado en todos los aspectos organizativos.<\/p>\n\t\t\n<style>\n#text-2539991170 {\n  font-size: 1.45rem;\n  text-align: center;\n}\n<\/style>\n\t<\/div>\n\t\n<h2>ENTORNO NATURAL<\/h2>\n<p>A caballo entre la Garrotxa, La Selva y el Giron\u00e8s, La Tramun tiene un car\u00e1cter \u00fanico marcado por los paisajes excepcionales por donde transcurre. La Tramun es una excusa para recuperar senderos escondidos que nos revelan los m\u00e1s veteranos del territorio. Un regalo del que queremos hacer c\u00f3mplices a los participantes para que vivan un momento \u00fanico.<\/p>\n<p>No es solo una carrera, es una pasi\u00f3n de quienes la crean y moldean con un objetivo que trasciende la organizaci\u00f3n de una carrera. Es un acto de amor por el territorio y por las personas que, al descubrirlo, tambi\u00e9n se enamoran.<\/p>\n<p><img loading=\"lazy\" decoding=\"async\" class=\"aligncenter wp-image-247 size-large\" src=\"https:\/\/latramun.cat\/wp-content\/uploads\/2025\/05\/LaTramun-158-1024x683.webp\" alt=\"\" width=\"1020\" height=\"680\" srcset=\"https:\/\/latramun.cat\/wp-content\/uploads\/2025\/05\/LaTramun-158-1024x683.webp 1024w, https:\/\/latramun.cat\/wp-content\/uploads\/2025\/05\/LaTramun-158-300x200.webp 300w, https:\/\/latramun.cat\/wp-content\/uploads\/2025\/05\/LaTramun-158-768x512.webp 768w, https:\/\/latramun.cat\/wp-content\/uploads\/2025\/05\/LaTramun-158-1536x1024.webp 1536w, https:\/\/latramun.cat\/wp-content\/uploads\/2025\/05\/LaTramun-158-600x400.webp 600w, https:\/\/latramun.cat\/wp-content\/uploads\/2025\/05\/LaTramun-158.webp 2048w\" sizes=\"auto, (max-width: 1020px) 100vw, 1020px\" \/><\/p>\n<h2>REFERENTE DE LAS CARRERAS DE MONTA\u00d1A EN CATALU\u00d1A<\/h2>\n<p>La Tramun es conocida por sus senderos. Muchos de ellos son limpiados, preparados o incluso creados para la ocasi\u00f3n. Estos senderos se dise\u00f1an pensando en el biker y en la trazada perfecta que le permita superar los obst\u00e1culos y disfrutar al m\u00e1ximo de este deporte. Muchos a\u00f1os, al finalizar La Tramun, se dice que esa edici\u00f3n no se podr\u00e1 superar y que la pr\u00f3xima no estar\u00e1 a la altura. Pero Fidel Freixes, director t\u00e9cnico de la carrera, vuelve a sorprender a\u00f1o tras a\u00f1o descubriendo nuevos lugares y senderos que nos dejan boquiabiertos. Esto hace de La Tramun una carrera especial que ya muchos consideran m\u00edtica, un cl\u00e1sico que no quieren perderse.<\/p>\n<p>Eso s\u00ed, para disfrutarla hay que pagar un precio: venir bien preparado y con un nivel f\u00edsico y t\u00e9cnico alto.<\/p>\n<p>Esta carrera naci\u00f3 en Salt desde una entidad que trabaja con j\u00f3venes, el club TRAMUNTANA, y la obsesi\u00f3n de uno de sus fundadores en unir Olot y Girona solo por caminos de monta\u00f1a, Josep Maria Ripoll. Desde el inicio se uni\u00f3 Fidel Freixes, un enamorado de la bicicleta y uno de los grandes impulsores del mountain bike en Girona y en toda Espa\u00f1a. Y junto a ellos, un grupo de personas apasionadas por el ciclismo y la monta\u00f1a que a\u00f1os m\u00e1s tarde formar\u00edan el club BTT Fornells, organizador de la prueba los \u00faltimos catorce a\u00f1os, siempre presidido por Jaume Boix.<\/p>\n<p><img loading=\"lazy\" decoding=\"async\" class=\"aligncenter wp-image-190 size-large\" src=\"https:\/\/latramun.cat\/wp-content\/uploads\/2025\/05\/LaTramun-119-1024x683.webp\" alt=\"\" width=\"1020\" height=\"680\" srcset=\"https:\/\/latramun.cat\/wp-content\/uploads\/2025\/05\/LaTramun-119-1024x683.webp 1024w, https:\/\/latramun.cat\/wp-content\/uploads\/2025\/05\/LaTramun-119-300x200.webp 300w, https:\/\/latramun.cat\/wp-content\/uploads\/2025\/05\/LaTramun-119-768x512.webp 768w, https:\/\/latramun.cat\/wp-content\/uploads\/2025\/05\/LaTramun-119-1536x1024.webp 1536w, https:\/\/latramun.cat\/wp-content\/uploads\/2025\/05\/LaTramun-119-600x400.webp 600w, https:\/\/latramun.cat\/wp-content\/uploads\/2025\/05\/LaTramun-119.webp 2048w\" sizes=\"auto, (max-width: 1020px) 100vw, 1020px\" \/><\/p>\n<h2>ORGANIZACI\u00d3N<\/h2>\n<p>La carrera est\u00e1 promovida y organizada por el Club BTT Fornells y dentro del club por personas con m\u00e1s de veinte a\u00f1os de experiencia en organizaci\u00f3n de carreras y competici\u00f3n de BTT. Como una m\u00e1quina bien engrasada, todos los elementos de la organizaci\u00f3n trabajan coordinados bajo la direcci\u00f3n magistral de Fidel Freixes, quien mejor define el esp\u00edritu de la carrera. Contamos con m\u00e1s de 100 colaboradores, necesarios para la limpieza de senderos, confecci\u00f3n del recorrido, avituallamientos&#8230;<\/p>\n<p>Este a\u00f1o habr\u00e1 un total de 78 km de recorrido. Estar\u00e1 perfectamente se\u00f1alizado y contar\u00e1 con un total de 6 puntos de avituallamiento. Para ello ser\u00e1 necesario movilizar toneladas de material y m\u00e1s de 10 veh\u00edculos para cubrir todos los puntos. Tambi\u00e9n se movilizar\u00e1n cuatro autobuses y dos tr\u00e1ilers para trasladar a los corredores a la salida. Ambulancias, apoyo policial, una retroexcavadora para el circuito infantil, carpas, vallas, arcos inflables, etc.<\/p>\n<p>Tambi\u00e9n se prev\u00e9 un punto de encuentro donde se canalizar\u00e1 la informaci\u00f3n en tiempo real y donde familiares y amigos podr\u00e1n seguir a los corredores a trav\u00e9s de redes sociales: Facebook, Twitter, Instagram, etc.<\/p>\n<p>La Tramun ha crecido, y a\u00f1o tras a\u00f1o ha aumentado la participaci\u00f3n y el nivel de los corredores. Esto ha sido posible gracias al cuidado en cada detalle y a un equipo de colaboradores comprometido con el \u00e9xito del evento.<\/p>\n\t\t<\/div>\n\t\t\t\t\t<\/div>\n\n\t\n<\/div>\n","protected":false},"excerpt":{"rendered":"","protected":false},"author":1,"featured_media":0,"parent":0,"menu_order":0,"comment_status":"closed","ping_status":"closed","template":"page-blank.php","meta":{"footnotes":""},"class_list":["post-10812","page","type-page","status-publish","hentry"],"_links":{"self":[{"href":"https:\/\/latramun.cat\/es\/wp-json\/wp\/v2\/pages\/10812","targetHints":{"allow":["GET"]}}],"collection":[{"href":"https:\/\/latramun.cat\/es\/wp-json\/wp\/v2\/pages"}],"about":[{"href":"https:\/\/latramun.cat\/es\/wp-json\/wp\/v2\/types\/page"}],"author":[{"embeddable":true,"href":"https:\/\/latramun.cat\/es\/wp-json\/wp\/v2\/users\/1"}],"replies":[{"embeddable":true,"href":"https:\/\/latramun.cat\/es\/wp-json\/wp\/v2\/comments?post=10812"}],"version-history":[{"count":2,"href":"https:\/\/latramun.cat\/es\/wp-json\/wp\/v2\/pages\/10812\/revisions"}],"predecessor-version":[{"id":10814,"href":"https:\/\/latramun.cat\/es\/wp-json\/wp\/v2\/pages\/10812\/revisions\/10814"}],"wp:attachment":[{"href":"https:\/\/latramun.cat\/es\/wp-json\/wp\/v2\/media?parent=10812"}],"curies":[{"name":"wp","href":"https:\/\/api.w.org\/{rel}","templated":true}]}}

Història de LaTramun

<div class="banner has-hover" id="banner-866970260">
          <div class="banner-inner fill">
        <div class="banner-bg fill" >
            <img loading="lazy" decoding="async" width="1620" height="1080" src="https://latramun.cat/wp-content/uploads/2025/05/LaTramun2024-874.webp" class="bg attachment-original size-original" alt="" />                        <div class="overlay"></div>            
                    </div>
		
        <div class="banner-layers container">
            <div class="fill banner-link"></div>            
   <div id="text-box-173301271" class="text-box banner-layer x50 md-x50 lg-x50 y50 md-y50 lg-y50 res-text">
                                <div class="text-box-content text dark">
              
              <div class="text-inner text-center">
                  
<h2 class="av-special-heading-tag "><span style="font-size: 160%;">La Tramun</span></h2>
<div class="av-subheading av-subheading_below">
<h3>las personas, el territorio y las opiniones</h3>
<p><!-- EN: the people, the land, and the stories --></p>
</div>
              </div>
           </div>
                            
<style>
#text-box-173301271 {
  width: 60%;
}
#text-box-173301271 .text-box-content {
  font-size: 100%;
}
</style>
    </div>
 
        </div>
      </div>

            
<style>
#banner-866970260 {
  padding-top: 743px;
}
#banner-866970260 .overlay {
  background-color: rgba(0, 0, 0, 0.488);
}
#banner-866970260 .banner-bg img {
  object-position: 45% 51%;
}
</style>
  </div>


	<div id="gap-1049874746" class="gap-element clearfix" style="display:block; height:auto;">
		
<style>
#gap-1049874746 {
  padding-top: 30px;
}
</style>
	</div>
	
<div class="row"  id="row-125894748">

	<div id="col-656336099" class="col small-12 large-12"  >
				<div class="col-inner"  >
			
			
	<div id="text-2539991170" class="text">
		
<p>La Tramun no es solo una carrera de bicicleta de montaña. Para todos los que participan, se ha convertido en un reto personal. Sus senderos, su dureza, su belleza&#8230; la han hecho única. La Tramun ha crecido. El número y nivel de los participantes ha aumentado año tras año. Esto ha sido gracias a un gran número de colaboradores y al cuidado en todos los aspectos organizativos.</p>
		
<style>
#text-2539991170 {
  font-size: 1.45rem;
  text-align: center;
}
</style>
	</div>
	
<h2>ENTORNO NATURAL</h2>
<p>A caballo entre la Garrotxa, La Selva y el Gironès, La Tramun tiene un carácter único marcado por los paisajes excepcionales por donde transcurre. La Tramun es una excusa para recuperar senderos escondidos que nos revelan los más veteranos del territorio. Un regalo del que queremos hacer cómplices a los participantes para que vivan un momento único.</p>
<p>No es solo una carrera, es una pasión de quienes la crean y moldean con un objetivo que trasciende la organización de una carrera. Es un acto de amor por el territorio y por las personas que, al descubrirlo, también se enamoran.</p>
<p><img loading="lazy" decoding="async" class="aligncenter wp-image-247 size-large" src="https://latramun.cat/wp-content/uploads/2025/05/LaTramun-158-1024x683.webp" alt="" width="1020" height="680" srcset="https://latramun.cat/wp-content/uploads/2025/05/LaTramun-158-1024x683.webp 1024w, https://latramun.cat/wp-content/uploads/2025/05/LaTramun-158-300x200.webp 300w, https://latramun.cat/wp-content/uploads/2025/05/LaTramun-158-768x512.webp 768w, https://latramun.cat/wp-content/uploads/2025/05/LaTramun-158-1536x1024.webp 1536w, https://latramun.cat/wp-content/uploads/2025/05/LaTramun-158-600x400.webp 600w, https://latramun.cat/wp-content/uploads/2025/05/LaTramun-158.webp 2048w" sizes="auto, (max-width: 1020px) 100vw, 1020px" /></p>
<h2>REFERENTE DE LAS CARRERAS DE MONTAÑA EN CATALUÑA</h2>
<p>La Tramun es conocida por sus senderos. Muchos de ellos son limpiados, preparados o incluso creados para la ocasión. Estos senderos se diseñan pensando en el biker y en la trazada perfecta que le permita superar los obstáculos y disfrutar al máximo de este deporte. Muchos años, al finalizar La Tramun, se dice que esa edición no se podrá superar y que la próxima no estará a la altura. Pero Fidel Freixes, director técnico de la carrera, vuelve a sorprender año tras año descubriendo nuevos lugares y senderos que nos dejan boquiabiertos. Esto hace de La Tramun una carrera especial que ya muchos consideran mítica, un clásico que no quieren perderse.</p>
<p>Eso sí, para disfrutarla hay que pagar un precio: venir bien preparado y con un nivel físico y técnico alto.</p>
<p>Esta carrera nació en Salt desde una entidad que trabaja con jóvenes, el club TRAMUNTANA, y la obsesión de uno de sus fundadores en unir Olot y Girona solo por caminos de montaña, Josep Maria Ripoll. Desde el inicio se unió Fidel Freixes, un enamorado de la bicicleta y uno de los grandes impulsores del mountain bike en Girona y en toda España. Y junto a ellos, un grupo de personas apasionadas por el ciclismo y la montaña que años más tarde formarían el club BTT Fornells, organizador de la prueba los últimos catorce años, siempre presidido por Jaume Boix.</p>
<p><img loading="lazy" decoding="async" class="aligncenter wp-image-190 size-large" src="https://latramun.cat/wp-content/uploads/2025/05/LaTramun-119-1024x683.webp" alt="" width="1020" height="680" srcset="https://latramun.cat/wp-content/uploads/2025/05/LaTramun-119-1024x683.webp 1024w, https://latramun.cat/wp-content/uploads/2025/05/LaTramun-119-300x200.webp 300w, https://latramun.cat/wp-content/uploads/2025/05/LaTramun-119-768x512.webp 768w, https://latramun.cat/wp-content/uploads/2025/05/LaTramun-119-1536x1024.webp 1536w, https://latramun.cat/wp-content/uploads/2025/05/LaTramun-119-600x400.webp 600w, https://latramun.cat/wp-content/uploads/2025/05/LaTramun-119.webp 2048w" sizes="auto, (max-width: 1020px) 100vw, 1020px" /></p>
<h2>ORGANIZACIÓN</h2>
<p>La carrera está promovida y organizada por el Club BTT Fornells y dentro del club por personas con más de veinte años de experiencia en organización de carreras y competición de BTT. Como una máquina bien engrasada, todos los elementos de la organización trabajan coordinados bajo la dirección magistral de Fidel Freixes, quien mejor define el espíritu de la carrera. Contamos con más de 100 colaboradores, necesarios para la limpieza de senderos, confección del recorrido, avituallamientos&#8230;</p>
<p>Este año habrá un total de 78 km de recorrido. Estará perfectamente señalizado y contará con un total de 6 puntos de avituallamiento. Para ello será necesario movilizar toneladas de material y más de 10 vehículos para cubrir todos los puntos. También se movilizarán cuatro autobuses y dos tráilers para trasladar a los corredores a la salida. Ambulancias, apoyo policial, una retroexcavadora para el circuito infantil, carpas, vallas, arcos inflables, etc.</p>
<p>También se prevé un punto de encuentro donde se canalizará la información en tiempo real y donde familiares y amigos podrán seguir a los corredores a través de redes sociales: Facebook, Twitter, Instagram, etc.</p>
<p>La Tramun ha crecido, y año tras año ha aumentado la participación y el nivel de los corredores. Esto ha sido posible gracias al cuidado en cada detalle y a un equipo de colaboradores comprometido con el éxito del evento.</p>
		</div>
					</div>

	
</div>
